{"id":288,"date":"2023-10-09T10:38:48","date_gmt":"2023-10-09T08:38:48","guid":{"rendered":"https:\/\/server173546.nazwa.pl\/wordpress\/wpn_Konferencja\/?page_id=288"},"modified":"2024-04-08T13:43:56","modified_gmt":"2024-04-08T11:43:56","slug":"formularz-zgloszeniowy","status":"publish","type":"page","link":"https:\/\/konferencja2024.awfis.net\/?page_id=288","title":{"rendered":"Formularz zg\u0142oszeniowy"},"content":{"rendered":"\n<p style=\"font-size:22px\"><br>Przepraszamy, ale termin zg\u0142osze\u0144 ju\u017c min\u0105\u0142. Nie ma ju\u017c mo\u017cliwo\u015bci dokonania zg\u0142oszenia uczestnictwa w konferencji Naukowo-Metodycznej pt. 'Aktywno\u015b\u0107 fizyczna, styl \u017cycia i zdrowie przed i po pandemii\u2019. Dzi\u0119kujemy za zainteresowanie.<\/p>\n\n\n\n<div class=\"wp-block-cover alignfull\" style=\"min-height:1122px;aspect-ratio:unset;\"><span aria-hidden=\"true\" class=\"wp-block-cover__background has-nv-light-bg-background-color has-background-dim-100 has-background-dim\"><\/span><div class=\"wp-block-cover__inner-container is-layout-flow wp-block-cover-is-layout-flow\">\n<div class=\"wp-block-group\"><div class=\"wp-block-group__inner-container is-layout-flow wp-block-group-is-layout-flow\">\n<div style=\"height:16px\" aria-hidden=\"true\" class=\"wp-block-spacer\"><\/div>\n\n\n\n<div class=\"wp-block-columns alignwide is-layout-flex wp-container-core-columns-is-layout-9d6595d7 wp-block-columns-is-layout-flex\">\n<div class=\"wp-block-column is-layout-flow wp-block-column-is-layout-flow\" style=\"flex-basis:50%\">\n<div style=\"height:23px\" aria-hidden=\"true\" class=\"wp-block-spacer\"><\/div>\n\n\n<div class=\"wp-block-image\">\n<figure class=\"aligncenter size-large is-resized\"><img loading=\"lazy\" decoding=\"async\" width=\"1024\" height=\"705\" src=\"https:\/\/konferencja2024.awfis.net\/wp-content\/uploads\/2023\/12\/formularz-1024x705.jpg\" alt=\"\" class=\"wp-image-331\" style=\"aspect-ratio:1;object-fit:cover;width:1064px;height:auto\" srcset=\"https:\/\/konferencja2024.awfis.net\/wp-content\/uploads\/2023\/12\/formularz-1024x705.jpg 1024w, https:\/\/konferencja2024.awfis.net\/wp-content\/uploads\/2023\/12\/formularz-300x207.jpg 300w, https:\/\/konferencja2024.awfis.net\/wp-content\/uploads\/2023\/12\/formularz-768x529.jpg 768w, https:\/\/konferencja2024.awfis.net\/wp-content\/uploads\/2023\/12\/formularz-1536x1058.jpg 1536w, https:\/\/konferencja2024.awfis.net\/wp-content\/uploads\/2023\/12\/formularz.jpg 1600w\" sizes=\"auto, (max-width: 1024px) 100vw, 1024px\" \/><\/figure>\n<\/div>\n\n\n<div style=\"height:14px\" aria-hidden=\"true\" class=\"wp-block-spacer\"><\/div>\n\n\n\n<p class=\"has-neve-text-color-color has-text-color has-link-color wp-elements-89a7747b89160ec192123be999c5d37c\"><\/p>\n<\/div>\n\n\n\n<div class=\"wp-block-column is-layout-flow wp-block-column-is-layout-flow\" style=\"flex-basis:50%\"><\/div>\n<\/div>\n\n\n\n<div style=\"height:9px\" aria-hidden=\"true\" class=\"wp-block-spacer\"><\/div>\n<\/div><\/div>\n<\/div><\/div>\n\n\n\n<div class=\"wp-block-cover alignfull\" style=\"min-height:300px;aspect-ratio:unset;\"><span aria-hidden=\"true\" class=\"wp-block-cover__background has-nv-dark-bg-background-color has-background-dim-100 has-background-dim\"><\/span><div class=\"wp-block-cover__inner-container is-layout-flow wp-block-cover-is-layout-flow\">\n<div style=\"height:31px\" aria-hidden=\"true\" class=\"wp-block-spacer\"><\/div>\n\n\n\n<h2 class=\"wp-block-heading has-text-align-center has-nv-text-dark-bg-color has-text-color\" style=\"font-size:22px\">ORGANIZATORZY I PARTNERZY KONFERENCJI<\/h2>\n\n\n\n<div class=\"wp-block-group is-content-justification-center is-nowrap is-layout-flex wp-container-core-group-is-layout-94bc23d7 wp-block-group-is-layout-flex\" style=\"border-radius:0px;font-size:82px\"><div class=\"wp-block-image\">\n<figure class=\"aligncenter size-full is-resized\"><img loading=\"lazy\" decoding=\"async\" width=\"150\" height=\"228\" src=\"https:\/\/server173546.nazwa.pl\/wordpress\/wpn_Konferencja\/wp-content\/uploads\/2023\/10\/malelogobiale.png\" alt=\"\" class=\"wp-image-100\" style=\"aspect-ratio:0.6551724137931034;width:73px\"\/><\/figure>\n<\/div>\n\n\n<div style=\"height:100px;width:42px\" aria-hidden=\"true\" class=\"wp-block-spacer wp-container-content-83393143\"><\/div>\n\n\n\n<figure class=\"wp-block-image size-full is-resized\"><img loading=\"lazy\" decoding=\"async\" width=\"1388\" height=\"433\" src=\"https:\/\/konferencja2024.awfis.net\/wp-content\/uploads\/2024\/04\/04_znak_-siatka_podstawowy_mono_ciemne_tlo-1.png\" alt=\"\" class=\"wp-image-707\" style=\"width:300px;height:auto\" srcset=\"https:\/\/konferencja2024.awfis.net\/wp-content\/uploads\/2024\/04\/04_znak_-siatka_podstawowy_mono_ciemne_tlo-1.png 1388w, https:\/\/konferencja2024.awfis.net\/wp-content\/uploads\/2024\/04\/04_znak_-siatka_podstawowy_mono_ciemne_tlo-1-300x94.png 300w, https:\/\/konferencja2024.awfis.net\/wp-content\/uploads\/2024\/04\/04_znak_-siatka_podstawowy_mono_ciemne_tlo-1-1024x319.png 1024w, https:\/\/konferencja2024.awfis.net\/wp-content\/uploads\/2024\/04\/04_znak_-siatka_podstawowy_mono_ciemne_tlo-1-768x240.png 768w\" sizes=\"auto, (max-width: 1388px) 100vw, 1388px\" \/><\/figure>\n\n\n\n<figure class=\"wp-block-image size-full is-resized\"><img loading=\"lazy\" decoding=\"async\" width=\"1000\" height=\"563\" src=\"https:\/\/konferencja2024.awfis.net\/wp-content\/uploads\/2024\/04\/mein_doskonala_nauka_on_white-1.png\" alt=\"\" class=\"wp-image-687\" style=\"width:293px;height:auto\" srcset=\"https:\/\/konferencja2024.awfis.net\/wp-content\/uploads\/2024\/04\/mein_doskonala_nauka_on_white-1.png 1000w, https:\/\/konferencja2024.awfis.net\/wp-content\/uploads\/2024\/04\/mein_doskonala_nauka_on_white-1-300x169.png 300w, https:\/\/konferencja2024.awfis.net\/wp-content\/uploads\/2024\/04\/mein_doskonala_nauka_on_white-1-768x432.png 768w\" sizes=\"auto, (max-width: 1000px) 100vw, 1000px\" \/><\/figure>\n<\/div>\n\n\n\n<div style=\"height:26px\" aria-hidden=\"true\" class=\"wp-block-spacer\"><\/div>\n\n\n\n<p class=\"has-text-align-center has-nv-site-bg-color has-text-color has-link-color wp-elements-4db77c308f6cc29c2943c7aab2d12059\"><em>Projekt finansowany ze \u015brodk\u00f3w bud\u017cetu pa\u0144stwa, przyznanych przez Ministra Nauki w ramach Programu Doskona\u0142a Nauka II<\/em><\/p>\n<\/div><\/div>\n","protected":false},"excerpt":{"rendered":"<p>Przepraszamy, ale termin zg\u0142osze\u0144 ju\u017c min\u0105\u0142. Nie ma ju\u017c mo\u017cliwo\u015bci dokonania zg\u0142oszenia uczestnictwa w konferencji Naukowo-Metodycznej pt. 'Aktywno\u015b\u0107 fizyczna, styl \u017cycia i zdrowie przed i po pandemii\u2019. Dzi\u0119kujemy za zainteresowanie.<\/p>\n","protected":false},"author":1,"featured_media":0,"parent":0,"menu_order":0,"comment_status":"closed","ping_status":"closed","template":"","meta":{"neve_meta_sidebar":"","neve_meta_container":"","neve_meta_enable_content_width":"","neve_meta_content_width":0,"neve_meta_title_alignment":"","neve_meta_author_avatar":"","neve_post_elements_order":"","neve_meta_disable_header":"","neve_meta_disable_footer":"","neve_meta_disable_title":"","footnotes":""},"class_list":["post-288","page","type-page","status-publish","hentry"],"yoast_head":"<!-- This site is optimized with the Yoast SEO plugin v26.4 - https:\/\/yoast.com\/wordpress\/plugins\/seo\/ -->\n<title>Formularz zg\u0142oszeniowy - Konferencja AWFiS<\/title>\n<meta name=\"robots\" content=\"index, follow, max-snippet:-1, max-image-preview:large, max-video-preview:-1\" \/>\n<link rel=\"canonical\" href=\"https:\/\/konferencja2024.awfis.net\/?page_id=288\" \/>\n<meta property=\"og:locale\" content=\"pl_PL\" \/>\n<meta property=\"og:type\" content=\"article\" \/>\n<meta property=\"og:title\" content=\"Formularz zg\u0142oszeniowy - Konferencja AWFiS\" \/>\n<meta property=\"og:description\" content=\"Przepraszamy, ale termin zg\u0142osze\u0144 ju\u017c min\u0105\u0142. Nie ma ju\u017c mo\u017cliwo\u015bci dokonania zg\u0142oszenia uczestnictwa w konferencji Naukowo-Metodycznej pt. &#039;Aktywno\u015b\u0107 fizyczna, styl \u017cycia i zdrowie przed i po pandemii\u2019. Dzi\u0119kujemy za zainteresowanie.\" \/>\n<meta property=\"og:url\" content=\"https:\/\/konferencja2024.awfis.net\/?page_id=288\" \/>\n<meta property=\"og:site_name\" content=\"Konferencja AWFiS\" \/>\n<meta property=\"article:modified_time\" content=\"2024-04-08T11:43:56+00:00\" \/>\n<meta property=\"og:image\" content=\"https:\/\/konferencja2024.awfis.net\/wp-content\/uploads\/2023\/12\/formularz-1024x705.jpg\" \/>\n<meta name=\"twitter:card\" content=\"summary_large_image\" \/>\n<meta name=\"twitter:label1\" content=\"Szacowany czas czytania\" \/>\n\t<meta name=\"twitter:data1\" content=\"2 minuty\" \/>\n<script type=\"application\/ld+json\" class=\"yoast-schema-graph\">{\"@context\":\"https:\/\/schema.org\",\"@graph\":[{\"@type\":\"WebPage\",\"@id\":\"https:\/\/konferencja2024.awfis.net\/?page_id=288\",\"url\":\"https:\/\/konferencja2024.awfis.net\/?page_id=288\",\"name\":\"Formularz zg\u0142oszeniowy - Konferencja AWFiS\",\"isPartOf\":{\"@id\":\"https:\/\/konferencja2024.awfis.net\/#website\"},\"primaryImageOfPage\":{\"@id\":\"https:\/\/konferencja2024.awfis.net\/?page_id=288#primaryimage\"},\"image\":{\"@id\":\"https:\/\/konferencja2024.awfis.net\/?page_id=288#primaryimage\"},\"thumbnailUrl\":\"https:\/\/konferencja2024.awfis.net\/wp-content\/uploads\/2023\/12\/formularz-1024x705.jpg\",\"datePublished\":\"2023-10-09T08:38:48+00:00\",\"dateModified\":\"2024-04-08T11:43:56+00:00\",\"breadcrumb\":{\"@id\":\"https:\/\/konferencja2024.awfis.net\/?page_id=288#breadcrumb\"},\"inLanguage\":\"pl-PL\",\"potentialAction\":[{\"@type\":\"ReadAction\",\"target\":[\"https:\/\/konferencja2024.awfis.net\/?page_id=288\"]}]},{\"@type\":\"ImageObject\",\"inLanguage\":\"pl-PL\",\"@id\":\"https:\/\/konferencja2024.awfis.net\/?page_id=288#primaryimage\",\"url\":\"https:\/\/konferencja2024.awfis.net\/wp-content\/uploads\/2023\/12\/formularz.jpg\",\"contentUrl\":\"https:\/\/konferencja2024.awfis.net\/wp-content\/uploads\/2023\/12\/formularz.jpg\",\"width\":1600,\"height\":1102,\"caption\":\"Application Contact Communication Connection Concept\"},{\"@type\":\"BreadcrumbList\",\"@id\":\"https:\/\/konferencja2024.awfis.net\/?page_id=288#breadcrumb\",\"itemListElement\":[{\"@type\":\"ListItem\",\"position\":1,\"name\":\"Home\",\"item\":\"https:\/\/konferencja2024.awfis.net\/\"},{\"@type\":\"ListItem\",\"position\":2,\"name\":\"Formularz zg\u0142oszeniowy\"}]},{\"@type\":\"WebSite\",\"@id\":\"https:\/\/konferencja2024.awfis.net\/#website\",\"url\":\"https:\/\/konferencja2024.awfis.net\/\",\"name\":\"Konferencja AWFiS\",\"description\":\"\",\"publisher\":{\"@id\":\"https:\/\/konferencja2024.awfis.net\/#organization\"},\"potentialAction\":[{\"@type\":\"SearchAction\",\"target\":{\"@type\":\"EntryPoint\",\"urlTemplate\":\"https:\/\/konferencja2024.awfis.net\/?s={search_term_string}\"},\"query-input\":{\"@type\":\"PropertyValueSpecification\",\"valueRequired\":true,\"valueName\":\"search_term_string\"}}],\"inLanguage\":\"pl-PL\"},{\"@type\":\"Organization\",\"@id\":\"https:\/\/konferencja2024.awfis.net\/#organization\",\"name\":\"Konferencja AWFiS\",\"url\":\"https:\/\/konferencja2024.awfis.net\/\",\"logo\":{\"@type\":\"ImageObject\",\"inLanguage\":\"pl-PL\",\"@id\":\"https:\/\/konferencja2024.awfis.net\/#\/schema\/logo\/image\/\",\"url\":\"\",\"contentUrl\":\"\",\"caption\":\"Konferencja AWFiS\"},\"image\":{\"@id\":\"https:\/\/konferencja2024.awfis.net\/#\/schema\/logo\/image\/\"}}]}<\/script>\n<!-- \/ Yoast SEO plugin. -->","yoast_head_json":{"title":"Formularz zg\u0142oszeniowy - Konferencja AWFiS","robots":{"index":"index","follow":"follow","max-snippet":"max-snippet:-1","max-image-preview":"max-image-preview:large","max-video-preview":"max-video-preview:-1"},"canonical":"https:\/\/konferencja2024.awfis.net\/?page_id=288","og_locale":"pl_PL","og_type":"article","og_title":"Formularz zg\u0142oszeniowy - Konferencja AWFiS","og_description":"Przepraszamy, ale termin zg\u0142osze\u0144 ju\u017c min\u0105\u0142. Nie ma ju\u017c mo\u017cliwo\u015bci dokonania zg\u0142oszenia uczestnictwa w konferencji Naukowo-Metodycznej pt. 'Aktywno\u015b\u0107 fizyczna, styl \u017cycia i zdrowie przed i po pandemii\u2019. Dzi\u0119kujemy za zainteresowanie.","og_url":"https:\/\/konferencja2024.awfis.net\/?page_id=288","og_site_name":"Konferencja AWFiS","article_modified_time":"2024-04-08T11:43:56+00:00","og_image":[{"url":"https:\/\/konferencja2024.awfis.net\/wp-content\/uploads\/2023\/12\/formularz-1024x705.jpg","type":"","width":"","height":""}],"twitter_card":"summary_large_image","twitter_misc":{"Szacowany czas czytania":"2 minuty"},"schema":{"@context":"https:\/\/schema.org","@graph":[{"@type":"WebPage","@id":"https:\/\/konferencja2024.awfis.net\/?page_id=288","url":"https:\/\/konferencja2024.awfis.net\/?page_id=288","name":"Formularz zg\u0142oszeniowy - Konferencja AWFiS","isPartOf":{"@id":"https:\/\/konferencja2024.awfis.net\/#website"},"primaryImageOfPage":{"@id":"https:\/\/konferencja2024.awfis.net\/?page_id=288#primaryimage"},"image":{"@id":"https:\/\/konferencja2024.awfis.net\/?page_id=288#primaryimage"},"thumbnailUrl":"https:\/\/konferencja2024.awfis.net\/wp-content\/uploads\/2023\/12\/formularz-1024x705.jpg","datePublished":"2023-10-09T08:38:48+00:00","dateModified":"2024-04-08T11:43:56+00:00","breadcrumb":{"@id":"https:\/\/konferencja2024.awfis.net\/?page_id=288#breadcrumb"},"inLanguage":"pl-PL","potentialAction":[{"@type":"ReadAction","target":["https:\/\/konferencja2024.awfis.net\/?page_id=288"]}]},{"@type":"ImageObject","inLanguage":"pl-PL","@id":"https:\/\/konferencja2024.awfis.net\/?page_id=288#primaryimage","url":"https:\/\/konferencja2024.awfis.net\/wp-content\/uploads\/2023\/12\/formularz.jpg","contentUrl":"https:\/\/konferencja2024.awfis.net\/wp-content\/uploads\/2023\/12\/formularz.jpg","width":1600,"height":1102,"caption":"Application Contact Communication Connection Concept"},{"@type":"BreadcrumbList","@id":"https:\/\/konferencja2024.awfis.net\/?page_id=288#breadcrumb","itemListElement":[{"@type":"ListItem","position":1,"name":"Home","item":"https:\/\/konferencja2024.awfis.net\/"},{"@type":"ListItem","position":2,"name":"Formularz zg\u0142oszeniowy"}]},{"@type":"WebSite","@id":"https:\/\/konferencja2024.awfis.net\/#website","url":"https:\/\/konferencja2024.awfis.net\/","name":"Konferencja AWFiS","description":"","publisher":{"@id":"https:\/\/konferencja2024.awfis.net\/#organization"},"potentialAction":[{"@type":"SearchAction","target":{"@type":"EntryPoint","urlTemplate":"https:\/\/konferencja2024.awfis.net\/?s={search_term_string}"},"query-input":{"@type":"PropertyValueSpecification","valueRequired":true,"valueName":"search_term_string"}}],"inLanguage":"pl-PL"},{"@type":"Organization","@id":"https:\/\/konferencja2024.awfis.net\/#organization","name":"Konferencja AWFiS","url":"https:\/\/konferencja2024.awfis.net\/","logo":{"@type":"ImageObject","inLanguage":"pl-PL","@id":"https:\/\/konferencja2024.awfis.net\/#\/schema\/logo\/image\/","url":"","contentUrl":"","caption":"Konferencja AWFiS"},"image":{"@id":"https:\/\/konferencja2024.awfis.net\/#\/schema\/logo\/image\/"}}]}},"_links":{"self":[{"href":"https:\/\/konferencja2024.awfis.net\/index.php?rest_route=\/wp\/v2\/pages\/288","targetHints":{"allow":["GET"]}}],"collection":[{"href":"https:\/\/konferencja2024.awfis.net\/index.php?rest_route=\/wp\/v2\/pages"}],"about":[{"href":"https:\/\/konferencja2024.awfis.net\/index.php?rest_route=\/wp\/v2\/types\/page"}],"author":[{"embeddable":true,"href":"https:\/\/konferencja2024.awfis.net\/index.php?rest_route=\/wp\/v2\/users\/1"}],"replies":[{"embeddable":true,"href":"https:\/\/konferencja2024.awfis.net\/index.php?rest_route=%2Fwp%2Fv2%2Fcomments&post=288"}],"version-history":[{"count":32,"href":"https:\/\/konferencja2024.awfis.net\/index.php?rest_route=\/wp\/v2\/pages\/288\/revisions"}],"predecessor-version":[{"id":711,"href":"https:\/\/konferencja2024.awfis.net\/index.php?rest_route=\/wp\/v2\/pages\/288\/revisions\/711"}],"wp:attachment":[{"href":"https:\/\/konferencja2024.awfis.net\/index.php?rest_route=%2Fwp%2Fv2%2Fmedia&parent=288"}],"curies":[{"name":"wp","href":"https:\/\/api.w.org\/{rel}","templated":true}]}}